
False
Is 4181 composite?
True
Is 314159 composite?
False
Is 45377 a prime number?
True
Is 38147 composite?
True
Is 4201 composite?
False
Is 7741 prime?
True
Is 45651 prime?
False
Is 50257 a composite number?
True
Is 343481 prime?
True
Is 29338 composite?
True
Is 11359 a prime number?
False
Is 50659 a composite number?
True
Is 171111 a composite number?
True
Is 501701 a prime number?
True
Is 11771 prime?
False
Is 25495 a composite number?
True
Is 145229 composite?
True
Is 17569 a composite number?
False
Is 319 a composite number?
True
Is 33461 prime?
True
Is 642869 a composite number?
False
Is 84647 a prime number?
False
Is 14971 a composite number?
True
Is 76079 prime?
True
Is 715534 a composite number?
True
Is 993 a composite number?
True
Is 162577 composite?
False
Is 16001 composite?
False
Is 2082247 a composite number?
False
Is 181243 prime?
True
Is 13669 a composite number?
False
Is 33259 a composite number?
True
Is 520889 a composite number?
False
Is 22123 prime?
True
Is 44617 a composite number?
False
Is 119481 composite?
True
Is 12767 prime?
False
Is 2627134 composite?
True
Is 66713 composite?
False
Is 10942 composite?
True
Is 114929 a composite number?
True
Is 57999 a composite number?
True
Is 37397 prime?
True
Is 28133 composite?
True
Is 8482 a prime number?
False
Is 121217 composite?
True
Is 15293 prime?
False
Is 364571 a prime number?
True
Is 842119 prime?
False
Is 33593 a prime number?
False
Is 424007 prime?
True
Is 451 a composite number?
True
Is 34199 a composite number?
True
Is 6737 a prime number?
True
Is 317 a composite number?
False
Is 149983 a composite number?
True
Is 132001 composite?
False
Is 3397 a prime number?
False
Is 365747 composite?
False
Is 303073 prime?
True
Is 835717 a prime number?
True
Is 9773 a prime number?
False
Is 51791 a prime number?
False
Is 183922 composite?
True
Is 42565 a prime number?
False
Is 190633 prime?
True
Is 520639 a composite number?
True
Is 40195 a prime number?
False
Is 1380031 prime?
True
Is 1259 prime?
True
Is 58477 a composite number?
False
Is 1001621 prime?
True
Is 97943 a prime number?
True
Is 872845 a prime number?
False
Is 444583 a prime number?
False
Is 1378427 a composite number?
False
Is 62003 a composite number?
False
Is 2281819 composite?
True
Is 683159 a composite number?
False
Is 3313 prime?
True
Is 1251409 composite?
False
Is 10513 a prime number?
True
Is 679621 a composite number?
True
Is 421177 composite?
False
Is 366593 prime?
True
Is 4843 a prime number?
False
Is 7573 a composite number?
False
Is 11189 a composite number?
True
Is 149557 a composite number?
True
Is 3433 composite?
False
Is 147991 a composite number?
True
Is 42937 composite?
False
Is 146207 composite?
True
Is 1384499 composite?
False
Is 103613 a composite number?
False
Is 8951315 a composite number?
True
Is 974 composite?
True
Is 72799 a composite number?
True
Is 280009 composite?
False
Is 2155 a composite number?
True
Is 50033 prime?
True
Is 657311 a composite number?
False
Is 1703785 a composite number?
True
Is 120473 a composite number?
False
Is 63059 composite?
False
Is 1535271 prime?
False
Is 68041 a composite number?
False
Is 6081 prime?
False
Is 35491 prime?
True
Is 118857 prime?
False
Is 266587 a prime number?
True
Is 14813 a composite number?
False
Is 12637 composite?
False
Is 52769 composite?
False
Is 10037 composite?
False
Is 333943 a composite number?
True
Is 78038 composite?
True
Is 10823 prime?
False
Is 200582 a prime number?
False
Is 25873 composite?
False
Is 10499 a prime number?
True
Is 13415 a composite number?
True
Is 59921 a composite number?
False
Is 86309 composite?
True
Is 711355 prime?
False
Is 460993 prime?
False
Is 1677779 composite?
False
Is 3050935 composite?
True
Is 68351 a composite number?
False
Is 74287 prime?
True
Is 1791106 prime?
False
Is 336911 a prime number?
True
Is 402899 composite?
True
Is 63853 composite?
False
Is 23417 prime?
True
Is 35101 a prime number?
False
Is 1149199 prime?
False
Is 169111 a composite number?
False
Is 89255 prime?
False
Is 12021 a prime number?
False
Is 302999 composite?
False
Is 25967 a composite number?
True
Is 172873 prime?
False
Is 164503 prime?
True
Is 126797 prime?
False
Is 175621 composite?
False
Is 39391 prime?
False
Is 9599 composite?
True
Is 211687 a prime number?
False
Is 2549933 a composite number?
True
Is 35759 a composite number?
False
Is 2161 a prime number?
True
Is 214969 a prime number?
False
Is 53503 a composite number?
False
Is 1074701 composite?
False
Is 105871 composite?
False
Is 34273 a prime number?
True
Is 6007 composite?
False
Is 26581 a prime number?
False
Is 9869 composite?
True
Is 2279309 a prime number?
False
Is 1077533 composite?
False
Is 20911 composite?
True
Is 1685 a composite number?
True
Is 23249 prime?
False
Is 2487801 composite?
True
Is 553561 a composite number?
False
Is 470829 a composite number?
True
Is 86749 a prime number?
False
Is 14047 a composite number?
True
Is 171007 a prime number?
True
Is 18862 composite?
True
Is 169057 a prime number?
False
Is 196111 a prime number?
True
Is 48163 composite?
False
Is 82451 composite?
True
Is 44111 composite?
False
Is 13057 prime?
False
Is 7177 a prime number?
True
Is 6005 a composite number?
True
Is 96803 composite?
True
Is 105583 composite?
True
Is 141761 a prime number?
True
Is 526 composite?
True
Is 2020507 a prime number?
True
Is 75902 prime?
False
Is 866389 a prime number?
True
Is 255583 a composite number?
True
Is 2946823 prime?
False
Is 4573 prime?
False
Is 4567 prime?
True
Is 757039 a prime number?
True
Is 4222 prime?
False
Is 544514 a prime number?
False
Is 8879 a composite number?
True
Is 344429 a prime number?
True
Is 1496027 a composite number?
True
Is 240869 composite?
False
Is 15049 prime?
False
Is 109567 prime?
True
Is 30289 a prime number?
False
Is 11197 a composite number?
False
Is 13859 a composite number?
False
Is 71515 composite?
True
Is 49947 composite?
True
Is 1277 a prime number?
True
Is 3181 prime?
True
Is 128917 prime?
False
Is 218506 prime?
False
Is 13582 prime?
False
Is 8483 a prime number?
False
Is 1075307 composite?
True
Is 7715 composite?
True
Is 12569 a composite number?
False
Is 2591 prime?
True
Is 4831 a composite number?
False
Is 2021 prime?
False
Is 72445 prime?
False
Is 3721 composite?
True
Is 3119 prime?
True
Is 5261 prime?
True
Is 2426 a prime number?
False
Is 221099 a composite number?
True
Is 1559 composite?
False
Is 132017 prime?
False
Is 167953 a prime number?
True
Is 82213 composite?
True
Is 3841 a composite number?
True
Is 803327 a composite number?
True
Is 233062 prime?
False
Is 67211 composite?
False
Is 59701 prime?
False
Is 767381 a composite number?
False
Is 54037 prime?
True
Is 19369 a composite number?
True
Is 23077 composite?
True
Is 493387 a composite number?
True
Is 4591 composite?
False
Is 631 composite?
False
Is 34339 prime?
False
Is 1390583 prime?
False
Is 12955 composite?
True
Is 23185 composite?
True
Is 678679 prime?
False
Is 1610057 prime?
True
Is 11281 composite?
True
Is 82921 composite?
True
Is 9127 a prime number?
True
Is 604727 composite?
False
Is 33661 composite?
True
Is 1037741 composite?
False
Is 31777 a composite number?
True
Is 28429 a prime number?
True
Is 244687 composite?
False
Is 28877 composite?
True
Is 10517 a prime number?
False
Is 6127 a composite number?
True
Is 39901 a composite number?
False
Is 9799 a prime number?
False
Is 39703 composite?
False
Is 780707 composite?
False
Is 68813 prime?
True
Is 9151 prime?
True
Is 83819 prime?
False
Is 34073 a prime number?
False
Is 59617 a composite number?
False
Is 1386419 a prime number?
True
Is 74677 prime?
False
Is 919703 a composite number?
False
Is 75079 composite?
False
Is 438439 prime?
True
Is 10489 a composite number?
True
Is 7453 a prime number?
False
Is 14051 a prime number?
True
Is 7289 prime?
False
Is 301879 composite?
True
Is 25514 prime?
False
Is 10559 prime?
True
Is 94273 prime?
True
Is 2193337 a prime number?
True
Is 99737 a prime number?
False
Is 434949 composite?
True
Is 335519 prime?
True
Is 1529 a composite number?
True
Is 4111 a composite number?
False
Is 12197 a composite number?
False
Is 633287 composite?
False
Is 241771 a prime number?
True
Is 92915 a prime number?
False
Is 7019 composite?
False
Is 1566923 prime?
True